n 53 is divided by 8?
5
What is the remainder when 751 is divided by 5?
1
What is the remainder when 2203 is divided by 30?
13
Calculate the remainder when 587 is divided by 149.
140
Calculate the remainder when 136 is divided by 64.
8
Calculate the remainder when 302 is divided by 49.
8
What is the remainder when 2971 is divided by 16?
11
Calculate the remainder when 447 is divided by 41.
37
Calculate the remainder when 11 is divided by 1.
0
What is the remainder when 156 is divided by 17?
3
What is the remainder when 46 is divided by 12?
10
Calculate the remainder when 6052 is divided by 60.
52
Calculate the remainder when 66 is divided by 18.
12
What is the remainder when 1327 is divided by 169?
144
Calculate the remainder when 341 is divided by 14.
5
Calculate the remainder when 28 is divided by 2.
0
What is the remainder when 1453 is divided by 160?
13
What is the remainder when 1259 is divided by 1232?
27
Calculate the remainder when 425 is divided by 142.
141
What is the remainder when 405 is divided by 66?
9
What is the remainder when 3339 is divided by 19?
14
Calculate the remainder when 478 is divided by 40.
38
What is the remainder when 156 is divided by 84?
72
Calculate the remainder when 77 is divided by 17.
9
What is the remainder when 3073 is divided by 18?
13
Calculate the remainder when 109 is divided by 74.
35
What is the remainder when 139 is divided by 37?
28
Calculate the remainder when 287 is divided by 26.
1
What is the remainder when 7903 is divided by 93?
91
Calculate the remainder when 3547 is divided by 444.
439
Calculate the remainder when 59 is divided by 37.
22
What is the remainder when 416 is divided by 408?
8
Calculate the remainder when 388 is divided by 5.
3
What is the remainder when 1801 is divided by 105?
16
Calculate the remainder when 260 is divided by 173.
87
What is the remainder when 42 is divided by 18?
6
Calculate the remainder when 329 is divided by 22.
21
What is the remainder when 51 is divided by 14?
9
Calculate the remainder when 62 is divided by 18.
8
What is the remainder when 391 is divided by 372?
19
Calculate the remainder when 1070 is divided by 46.
12
Calculate the remainder when 363 is divided by 43.
19
What is the remainder when 341 is divided by 99?
44
Calculate the remainder when 408 is divided by 69.
63
What is the remainder when 3385 is divided by 15?
10
Calculate the remainder when 373 is divided by 18.
13
Calculate the remainder when 1018 is divided by 170.
168
Calculate the remainder when 582 is divided by 165.
87
Calculate the remainder when 183 is divided by 41.
19
What is the remainder when 390 is divided by 132?
126
Calculate the remainder when 106 is divided by 10.
6
What is the remainder when 944 is divided by 94?
4
Calculate the remainder when 1150 is divided by 9.
7
Calculate the remainder when 379 is divided by 87.
31
What is the remainder when 332 is divided by 26?
20
Calculate the remainder when 145 is divided by 39.
28
Calculate the remainder when 201 is divided by 51.
48
What is the remainder when 2588 is divided by 70?
68
Calculate the remainder when 43 is divided by 9.
7
What is the remainder when 4738 is divided by 11?
8
Calculate the remainder when 570 is divided by 56.
10
Calculate the remainder when 524 is divided by 75.
74
What is the remainder when 140 is divided by 52?
36
What is the remainder when 3473 is divided by 48?
17
What is the remainder when 94 is divided by 56?
38
What is the remainder when 1031 is divided by 74?
69
What is the remainder when 36 is divided by 22?
14
What is the remainder when 1841 is divided by 19?
17
Calculate the remainder when 98 is divided by 18.
8
What is the remainder when 202 is divided by 39?
7
What is the remainder when 1384 is divided by 77?
75
Calculate the remainder when 310 is divided by 40.
30
Calculate the remainder when 71 is divided by 59.
12
What is the remainder when 65 is divided by 11?
10
Calculate the remainder when 178 is divided by 36.
34
What is the remainder when 509 is divided by 6?
5
What is the remainder when 81 is divided by 48?
33
What is the remainder when 115 is divided by 23?
0
Calculate the remainder when 211 is divided by 4.
3
What is the remainder when 1678 is divided by 84?
82
What is the remainder when 875 is divided by 10?
5
What is the remainder when 2499 is divided by 18?
15
Calculate the remainder when 127 is divided by 68.
59
What is the remainder when 42 is divided by 35?
7
Calculate the remainder when 2303 is divided by 32.
31
Calculate the remainder when 1447 is divided by 25.
22
Calculate the remainder when 137 is divided by 88.
49
What is the remainder when 489 is divided by 35?
34
Calculate the remainder when 4211 is divided by 49.
46
What is the remainder when 46 is divided by 15?
1
Calculate the remainder when 129 is divided by 33.
30
Calculate the remainder when 14662 is divided by 94.
92
Calculate the remainder when 235 is divided by 17.
14
What is the remainder when 571 is divided by 315?
256
What is the remainder when 1262 is divided by 79?
77
Calculate the remainder when 333 is divided by 42.
39
Calculate the remainder when 1034 is divided by 5.
4
Calculate the remainder when 319 is divided by 16.
15
What is the remainder when 587 is divided by 138?
35
Calculate the remainder when 56 is divided by 27.
2
What is the remainder when 80 is divided by 14?
10
Calculate the remainder when 602 is divided by 148.
10
What is the remainder when 1168 is divided by 39?
37
Calculate the remainder when 1609 is divided by 231.
223
Calculate the remainder when 953 is divided by 137.
131
Calculate the remainder when 455 is divided by 225.
5
Calculate the remainder when 1117 is divided by 43.
42
Calculate the remainder when 2573 is divided by 68.
57
What is the remainder when 240 is divided by 38?
12
What is the remainder when 10822 is divided by 3603?
13
What is the remainder when 106 is divided by 49?
8
Calculate the remainder when 165 is divided by 83.
82
Calculate the remainder when 2616 is divided by 2592.
24
What is the remainder when 4698 is divided by 127?
126
Calculate the remainder when 226 is divided by 58.
52
What is the remainder when 225 is divided by 39?
30
What is the remainder when 5 is divided by 4?
1
What is the remainder when 74 is divided by 74?
0
What is the remainder when 162 is divided by 34?
26
Calculate the remainder when 2280 is divided by 285.
0
Calculate the remainder when 497 is divided by 51.
38
Calculate the remainder when 1901 is divided by 119.
116
What is the remainder when 98 is divided by 22?
10
Calculate the remainder when 996 is divided by 7.
2
Calculate the remainder when 480 is divided by 225.
30
Calculate the remainder when 6561 is divided by 6.
3
What is the remainder when 130 is divided by 52?
26
Calculate the remainder when 434 is divided by 68.
26
Calculate the remainder when 2494 is divided by 64.
62
What is the remainder when 879 is divided by 9?
6
Calculate the remainder when 134 is divided by 50.
34
What is the remainder when 52 is divided by 18?
16
Calculate the remainder when 1057 is divided by 6.
1
What is the remainder when 137 is divided by 71?
66
Calculate the remainder when 418 is divided by 30.
28
Calculate the remainder when 13726 is divided by 96.
94
What is the remainder when 612 is divided by 124?
116
What is the remainder when 227 is divided by 102?
23
What is the remainder when 7068 is divided by 17?
13
Calculate the remainder when 313 is divided by 107.
99
What is the remainder when 158 is divided by 28?
18
Calculate the remainder when 849 is divided by 25.
24
Calculate the remainder when 183 is divided by 12.
3
Calculate the remainder when 479 is divided by 24.
23
Calculate the remainder when 684 is divided by 227.
3
What is the remainder when 71 is divided by 4?
3
Calculate the remainder when 786 is divided by 160.
146
Calculate the remainder when 921 is divided by 11.
8
Calculate the remainder when 161 is divided by 45.
26
Calculate the remainder when 708 is divided by 91.
71
What is the remainder when 878 is divided by 403?
72
Calculate the remainder when 191 is divided by 138.
53
What is the remainder when 333 is divided by 78?
21
What is the remainder when 574 is divided by 48?
46
Calculate the remainder when 960 is di